 211956715?
1
What is the billions digit of 1938179640?
1
What is the units digit of 853708536?
6
What is the tens digit of 369334361?
6
What is the hundreds digit of 850594117?
1
What is the ten thousands digit of 59155166?
5
What is the billions digit of 1289226974?
1
What is the units digit of 278575377?
7
What is the ten thousands digit of 31002509?
0
What is the thousands digit of 2511825035?
5
What is the ten millions digit of 4572129051?
7
What is the thousands digit of 76097808?
7
What is the hundred thousands digit of 1694366509?
3
What is the ten millions digit of 2024005153?
2
What is the hundred thousands digit of 1206085269?
0
What is the units digit of 52505526?
6
What is the tens digit of 78705382?
8
What is the hundred millions digit of 180881722?
1
What is the ten millions digit of 900647597?
0
What is the tens digit of 348608808?
0
What is the tens digit of 25542660?
6
What is the millions digit of 6859316190?
9
What is the tens digit of 337943045?
4
What is the ten thousands digit of 160831293?
3
What is the billions digit of 1861161285?
1
What is the units digit of 1973691375?
5
What is the tens digit of 102653882?
8
What is the tens digit of 258272026?
2
What is the thousands digit of 5573228634?
8
What is the ten thousands digit of 122921435?
2
What is the hundreds digit of 1812442928?
9
What is the ten thousands digit of 5791117?
9
What is the millions digit of 1363619?
1
What is the thousands digit of 83673903?
3
What is the millions digit of 18412552?
8
What is the hundreds digit of 738057079?
0
What is the hundred millions digit of 201566525?
2
What is the hundred thousands digit of 32300428?
3
What is the units digit of 136873984?
4
What is the ten millions digit of 397606128?
9
What is the hundreds digit of 1891576?
5
What is the hundreds digit of 938182147?
1
What is the hundred thousands digit of 2865469?
8
What is the hundred thousands digit of 166089338?
0
What is the hundreds digit of 4519737?
7
What is the units digit of 3542776415?
5
What is the millions digit of 552420514?
2
What is the ten thousands digit of 87168101?
6
What is the billions digit of 1001637407?
1
What is the hundreds digit of 716688878?
8
What is the hundred thousands digit of 45438683?
4
What is the hundred millions digit of 1282932329?
2
What is the hundred millions digit of 343572989?
3
What is the millions digit of 39181531?
9
What is the hundred millions digit of 162708984?
1
What is the ten thousands digit of 1271496403?
9
What is the thousands digit of 92004333?
4
What is the billions digit of 5573129304?
5
What is the hundreds digit of 2626455089?
0
What is the thousands digit of 1186240762?
0
What is the hundreds digit of 2407366957?
9
What is the thousands digit of 349635?
9
What is the hundreds digit of 107762464?
4
What is the units digit of 89514806?
6
What is the millions digit of 181589833?
1
What is the ten thousands digit of 2848943449?
4
What is the billions digit of 4641014826?
4
What is the millions digit of 863989551?
3
What is the thousands digit of 35164549?
4
What is the hundred thousands digit of 11058720?
0
What is the units digit of 15095766?
6
What is the ten thousands digit of 1630741027?
4
What is the hundred thousands digit of 57452099?
4
What is the tens digit of 65789463?
6
What is the thousands digit of 3156817944?
7
What is the thousands digit of 199975639?
5
What is the ten thousands digit of 19766907?
6
What is the ten millions digit of 247389889?
4
What is the hundred thousands digit of 118866488?
8
What is the ten millions digit of 473845338?
7
What is the hundred millions digit of 2998018475?
9
What is the hundreds digit of 1108301830?
8
What is the ten thousands digit of 1683514308?
1
What is the units digit of 74208341?
1
What is the hundred thousands digit of 274004429?
0
What is the tens digit of 652670027?
2
What is the hundred millions digit of 1276711251?
2
What is the units digit of 4564466?
6
What is the hundred thousands digit of 1296774659?
7
What is the units digit of 68121954?
4
What is the hundreds digit of 1828171249?
2
What is the tens digit of 38182785?
8
What is the tens digit of 56458095?
9
What is the millions digit of 893780594?
3
What is the millions digit of 67456311?
7
What is the hundreds digit of 2447865363?
3
What is the tens digit of 15930332?
3
What is the hundred thousands digit of 46484143?
4
What is the units digit of 62059692?
2
What is the hundreds digit of 495966983?
9
What is the hundreds digit of 2414513887?
8
What is the millions digit of 743612870?
3
What is the hundreds digit of 1055326166?
1
What is the millions digit of 46451338?
6
What is the ten thousands digit of 294872398?
7
What is the hundred thousands digit of 2210985847?
9
What is the hundred millions digit of 195138112?
1
What is the units digit of 30775118?
8
What is the tens digit of 59240406?
0
What is the billions digit of 3855322162?
3
What is the hundreds digit of 670966584?
5
What is the ten millions digit of 99863852?
9
What is the hundreds digit of 45511050?
0
What is the hundred thousands digit of 187952031?
9
What is the units digit of 2010745770?
0
What is the hundred thousands digit of 28524059?
5
What is the ten millions digit of 259866287?
5
What is the tens digit of 188470908?
0
What is the ten millions digit of 222969741?
2
What is the units digit of 13229024?
4
What is the ten millions digit of 52666072?
5
What is the tens digit of 801995396?
9
What is the hundred millions digit of 451667355?
4
What is the thousands digit of 148335991?
5
What is the hundreds digit of 747952485?
4
What is the hundred thousands digit of 17188518?
1
What is the ten thousands digit of 849651209?
5
What is the hundred millions digit of 4875041040?
8
What is the units digit of 55480092?
2
What is the hundred thousands digit of 2462199570?
1
What is the ten millions digit of 47979393?
4
What is the tens digit of 25918772?
7
What is the ten millions digit of 827077024?
2
What is the ten thousands digit of 48032027?
3
What is the ten thousands digit of 5236752427?
5
What is the ten millions digit of 77135588?
7
What is the millions digit of 1029983238?
9
What is the hundreds digit of 432411258?
2
What is the millions digit of 66275285?
6
What is the hundred thousands digit of 57470327?
4
What is the thousands digit of 91289962?
9
What is the ten millions digit of 75528657?
7
What is the thousands digit of 50048530?
8
What is the thousands digit of 82324232?
4
What is the units digit of 46787735?
5
What is the hundred millions digit of 329825265?
3
What is the tens digit of 675852334?
3
What is the units digit of 26504173?
3
What is the thousands digit of 151459592?
9
What is the hundred thousands digit of 50332178?
3
What is the thousands digit of 50364287?
4
What is the hundred thousands digit of 694825385?
8
What is the hundred thousands digit of 4021374118?
3
What is the ten thousands digit of 85560218?
6
What is the hundred thousands digit of 7583028864?
0
What is the hundred thousands digit of 53113831?
1
What is the tens digit of 40299525?
2
What is the units digit of 46295005?
5
What is the hundreds digit of 58722031?
0
What is the units digit of 313814875?
5
What is the hundreds digit of 224452236?
2
What is the tens digit of 1707127437?
3
What is the tens digit of 499464600?
0
What is the tens digit of 2594321025?
2
What is the ten millions digit of 391696154?
9
What is the tens digit of 2347573751?
5
What is the millions digit of 203639824?
3
What is the ten thousands digit of 53382683?
8
What is the billions digit of 1724567393?
1
What is the ten thousands digit of 135068415?
6
What is the hundred millions digit of 427905936?
4
What is the millions digit of 16889946?
6
What is the ten thousands digit of 1339526822?
2
What is the ten millions digit of 703785804?
0
What is the tens digit of 20232617?
1
What is the hundreds digit of 1605211049?
0
What is the hundred thousands digit of 73174934?
1
What is the hundred thousands digit of 30752090?
7
What is the hundreds digit of 190898304?
3
What is the ten thousands digit of 111078227?
7
What is the units digit of 17078910?
0
What is the hundreds digit of 67362005?
0
What is the tens digit of 3828725433?
3
What is the thousands digit of 240638109?
